{"id":95,"date":"2025-02-12T19:42:30","date_gmt":"2025-02-12T22:42:30","guid":{"rendered":"https:\/\/pressroom.cqap.com.ar\/?page_id=95"},"modified":"2025-02-12T19:42:31","modified_gmt":"2025-02-12T22:42:31","slug":"terminos-y-condiciones-de-uso","status":"publish","type":"page","link":"https:\/\/pressroom.cqap.com.ar\/index.php\/terminos-y-condiciones-de-uso\/","title":{"rendered":"T\u00e9rminos y condiciones de Uso"},"content":{"rendered":"\n<h2 class=\"wp-block-heading\">Actualizaci\u00f3n 12 de Febrero de 2025.<\/h2>\n\n\n\n<p><strong>1. Introducci\u00f3n<\/strong> Bienvenido a CQAP.com.ar, un sitio web de comunicaciones que aborda temas de estilos de vida; gourmet; vinos y bebidas espirituosas; viajes; turismo y hoteler\u00eda; entretenimientos; diplomacia internacional; empresas y negocios; ecolog\u00eda y sostenibilidad; moda; belleza y bienestar; arte; cultura; muestras; literatura; espect\u00e1culos; salud y tecnolog\u00eda. Estos t\u00e9rminos y condiciones rigen el uso del sitio por parte de los colaboradores registrados para la carga y publicaci\u00f3n de contenidos.&nbsp;<\/p>\n\n\n\n<p><strong>2. Registro y Uso del CMS<\/strong> Los colaboradores registrados podr\u00e1n cargar directamente sus comunicaciones en el sitio a trav\u00e9s de un sistema de gesti\u00f3n de contenido (CMS) basado en WordPress. Se presume que los colaboradores registrados conocen y saben utilizar esta interfaz. La administraci\u00f3n del sitio no se responsabiliza por errores de uso del sistema.&nbsp;<\/p>\n\n\n\n<p><strong>3. Confidencialidad<\/strong> Toda la informaci\u00f3n compartida entre las partes, incluyendo datos de acceso y contenido antes de su publicaci\u00f3n, deber\u00e1 mantenerse bajo estricta confidencialidad. Los colaboradores registrados no podr\u00e1n divulgar informaci\u00f3n reservada del sitio ni de otras agencias o empresas colaboradoras.&nbsp;<\/p>\n\n\n\n<p><strong>4. Restricciones de Contenido<\/strong> Los colaboradores registrados tienen prohibido cargar notas que contengan informaci\u00f3n relacionada con:&nbsp;<\/p>\n\n\n\n<ul class=\"wp-block-list\">\n<li>Criptomonedas.\u00a0<\/li>\n<\/ul>\n\n\n\n<ul class=\"wp-block-list\">\n<li>Juegos de azar o apuestas.\u00a0<\/li>\n<\/ul>\n\n\n\n<ul class=\"wp-block-list\">\n<li>Casinos.\u00a0<\/li>\n<\/ul>\n\n\n\n<ul class=\"wp-block-list\">\n<li>Hip\u00f3dromos.\u00a0<\/li>\n<\/ul>\n\n\n\n<ul class=\"wp-block-list\">\n<li>Real estate.\u00a0<\/li>\n<\/ul>\n\n\n\n<ul class=\"wp-block-list\">\n<li>Black Friday.\u00a0<\/li>\n<\/ul>\n\n\n\n<ul class=\"wp-block-list\">\n<li>Cyber Monday.\u00a0<\/li>\n<\/ul>\n\n\n\n<ul class=\"wp-block-list\">\n<li>Ofertas de productos.\u00a0<\/li>\n<\/ul>\n\n\n\n<ul class=\"wp-block-list\">\n<li>Medicamentos de cualquier tipo.\u00a0<\/li>\n<\/ul>\n\n\n\n<ul class=\"wp-block-list\">\n<li>Modelos empresarios o comerciales con estructura piramidal.\u00a0<\/li>\n<\/ul>\n\n\n\n<ul class=\"wp-block-list\">\n<li>Noticias sobre programas de televisi\u00f3n.\u00a0<\/li>\n<\/ul>\n\n\n\n<ul class=\"wp-block-list\">\n<li>Contenidos relacionados con influencers.\u00a0<\/li>\n<\/ul>\n\n\n\n<ul class=\"wp-block-list\">\n<li>Informaci\u00f3n sobre celebridades.\u00a0<\/li>\n<\/ul>\n\n\n\n<ul class=\"wp-block-list\">\n<li>Noticias del coraz\u00f3n.\u00a0<\/li>\n<\/ul>\n\n\n\n<ul class=\"wp-block-list\">\n<li>Contenido sensacionalista o amarillista.\u00a0<\/li>\n<\/ul>\n\n\n\n<ul class=\"wp-block-list\">\n<li>Rumores o chismes (gossip).\u00a0<\/li>\n<\/ul>\n\n\n\n<ul class=\"wp-block-list\">\n<li>M\u00fasica que no sea de estilo pop.\u00a0<\/li>\n<\/ul>\n\n\n\n<p>Si se agregara una nueva caracter\u00edstica restringida, el sitio se reserva el derecho de eliminar notas publicadas antes de la decisi\u00f3n de la restricci\u00f3n si estas incumplen con la nueva pol\u00edtica.&nbsp;<\/p>\n\n\n\n<p><strong>5. Declaraci\u00f3n de Noticias y Empresas<\/strong> Trimestralmente, los colaboradores registrados deber\u00e1n declarar las empresas para las cuales escribir\u00e1n notas de prensa. Estas declaraciones ser\u00e1n revisadas y aprobadas por la administraci\u00f3n del sitio.&nbsp;<\/p>\n\n\n\n<p><strong>6. Limitaci\u00f3n de Servicios de Prensa<\/strong> El sitio web y su administraci\u00f3n (CQAP) no podr\u00e1 ofrecer servicios de prensa ni cualquier otro servicio que compita directamente con los brindados por los colaboradores registrados a las empresas previamente declaradas y aprobadas.&nbsp;<\/p>\n\n\n\n<p><strong>7. Veracidad del Contenido<\/strong> Todas las notas publicadas en el sitio deber\u00e1n contener informaci\u00f3n real, verificable y confiable. La publicaci\u00f3n de noticias falsas (fake news) est\u00e1 estrictamente prohibida y podr\u00e1 dar lugar a la suspensi\u00f3n o cancelaci\u00f3n del acceso del colaborador registrado infractor. En caso de incluir entrevistas o citas de terceros, el colaborador registrado deber\u00e1 asegurarse de que estas sean verificables y contar con pruebas que respalden su autenticidad.&nbsp;<\/p>\n\n\n\n<p><strong>8. Prohibici\u00f3n de Denuncias<\/strong> No se podr\u00e1 publicar contenido que denuncie, directa o indirectamente, a ninguna empresa o gobierno. El sitio est\u00e1 destinado a la difusi\u00f3n de informaci\u00f3n y comunicados enmarcados dentro de una l\u00ednea editorial enfocada en los temas permitidos.&nbsp;<\/p>\n\n\n\n<p><strong>9. Formato de Contenido<\/strong> El contenido publicado deber\u00e1 cumplir con los siguientes requisitos de formato:&nbsp;<\/p>\n\n\n\n<ul class=\"wp-block-list\">\n<li>Ser claro y f\u00e1cil de leer.\u00a0<\/li>\n<\/ul>\n\n\n\n<ul class=\"wp-block-list\">\n<li>Incluir hasta tres enlaces hacia p\u00e1ginas externas que no sean landing pages.\u00a0<\/li>\n<\/ul>\n\n\n\n<ul class=\"wp-block-list\">\n<li>Contener entre 3 y 25 etiquetas que reflejen con precisi\u00f3n el contenido de la nota.\u00a0<\/li>\n<\/ul>\n\n\n\n<ul class=\"wp-block-list\">\n<li>Incluir al menos una imagen en alta resoluci\u00f3n para ilustrar la nota.\u00a0<\/li>\n<\/ul>\n\n\n\n<ul class=\"wp-block-list\">\n<li>La imagen no podr\u00e1 ser un banner publicitario, ni una foto de producto, ni contener palabras sobreimpresas.\u00a0<\/li>\n<\/ul>\n\n\n\n<ul class=\"wp-block-list\">\n<li>Se recomienda utilizar im\u00e1genes menos difundidas en otros sitios para garantizar contenido visual \u00fanico.\u00a0<\/li>\n<\/ul>\n\n\n\n<p><strong>10. Modificaci\u00f3n de los T\u00e9rminos y Condiciones<\/strong> La administraci\u00f3n del sitio se reserva el derecho de modificar estos t\u00e9rminos y condiciones en cualquier momento. Las modificaciones ser\u00e1n notificadas a los colaboradores registrados.&nbsp;<\/p>\n\n\n\n<p><strong>11. Aceptaci\u00f3n de los T\u00e9rminos<\/strong> El <strong>uso del CMS y la publicaci\u00f3n de contenido en el sitio implican la aceptaci\u00f3n total de estos t\u00e9rminos y condiciones.<\/strong> En caso de incumplimiento, el acceso del colaborador registrado podr\u00e1 ser revocado sin previo aviso.&nbsp;<\/p>\n\n\n\n<p><\/p>\n","protected":false},"excerpt":{"rendered":"<p>Actualizaci\u00f3n 12 de Febrero de 2025. 1. Introducci\u00f3n Bienvenido a CQAP.com.ar, un sitio web de comunicaciones que aborda temas de estilos de vida; gourmet; vinos [&hellip;]<\/p>\n","protected":false},"author":1,"featured_media":0,"parent":0,"menu_order":0,"comment_status":"closed","ping_status":"closed","template":"","meta":{"footnotes":""},"class_list":["post-95","page","type-page","status-publish","hentry"],"_links":{"self":[{"href":"https:\/\/pressroom.cqap.com.ar\/index.php\/wp-json\/wp\/v2\/pages\/95","targetHints":{"allow":["GET"]}}],"collection":[{"href":"https:\/\/pressroom.cqap.com.ar\/index.php\/wp-json\/wp\/v2\/pages"}],"about":[{"href":"https:\/\/pressroom.cqap.com.ar\/index.php\/wp-json\/wp\/v2\/types\/page"}],"author":[{"embeddable":true,"href":"https:\/\/pressroom.cqap.com.ar\/index.php\/wp-json\/wp\/v2\/users\/1"}],"replies":[{"embeddable":true,"href":"https:\/\/pressroom.cqap.com.ar\/index.php\/wp-json\/wp\/v2\/comments?post=95"}],"version-history":[{"count":1,"href":"https:\/\/pressroom.cqap.com.ar\/index.php\/wp-json\/wp\/v2\/pages\/95\/revisions"}],"predecessor-version":[{"id":96,"href":"https:\/\/pressroom.cqap.com.ar\/index.php\/wp-json\/wp\/v2\/pages\/95\/revisions\/96"}],"wp:attachment":[{"href":"https:\/\/pressroom.cqap.com.ar\/index.php\/wp-json\/wp\/v2\/media?parent=95"}],"curies":[{"name":"wp","href":"https:\/\/api.w.org\/{rel}","templated":true}]}}